) + 3*w(g). Is v(-3) composite?
True
Suppose l + 2 = 4. Let v(o) = 9*o + 3 + 2*o - l*o**2 + 4*o**2 + 11. Is v(-9) a prime number?
False
Suppose -5 = -b, 0*b = -5*q + 4*b + 60965. Is q a composite number?
False
Suppose 0*c - 6 = -2*c. Let j(l) = -l. Let d be j(c). Is d/(-12)*-2*-26 a composite number?
False
Let q(l) = -2*l + 3. Let i be q(3). Let v be 1/(-3)*(i - 12). Suppose -8*b + 57 = -v*b. Is b a composite number?
False
Suppose 2*r + 133582 = 2*o, 8*o + 200377 = 11*o - r. Is o a prime number?
False
Let r = -117 - -112. Is (-4 - r) + 860 - 4/2 prime?
True
Let k(n) = n**2 + n + 50. Suppose -3*g - 4*b + 8*b + 9 = 0, -2 = g - 3*b. Is k(g) prime?
False
Let n(i) = -3*i + 6. Let d be n(4). Let u(m) = -3*m**3 + 2*m**2 + 5*m - 11. Is u(d) a composite number?
True
Let q = -23 - -32. Let z(b) = b**2 - 22. Let c be z(q). Let o = 268 - c. Is o a composite number?
True
Let q(v) = -1377*v**3 + v**2 + v - 1. Is q(-2) composite?
True
Suppose 3*v - 18338 = -4*d, -22913 = -5*d + 19*v - 18*v. Is d composite?
False
Let p(i) = -i**3 + 12*i**2 - 6. Let m be p(12). Is (1048/m)/((-10)/15) a prime number?
False
Let f be 2*3/(-27) - (-35203)/(-63). Let l = -162 - f. Is l a composite number?
False
Let d(i) = i**3 + 5*i**2 + 5*i + 6. Suppose 6 = 2*k + 3*l + 2, 24 = -2*k + 4*l. Let g be d(k). Let a(q) = 170*q + 1. Is a(g) prime?
False
Let z = -5901 - -25730. Is z a composite number?
True
Is 6 + (44836 - 7)/9 composite?
False
Suppose 1 - 21 = -4*g. Suppose g*t - 260 - 15 = 0. Is t prime?
False
Let q = 11 + -21. Let a(s) = -s**3 - 9*s**2 + 10*s + 9. Let u be a(q). Let t(v) = 7*v - 5. Is t(u) a composite number?
True
Let k be 2 + 1*566*158. Is k/270 - 1/9*2 a prime number?
True
Let p(z) = 370*z - 261. Is p(4) prime?
False
Is ((-5)/15)/((-1)/8805) a composite number?
True
Let s(c) = c + 1. Let q be s(1). Suppose 4*k - 14 = -q. Suppose 5*y = 3*j + 65, -2*y + 4*j + 26 = k*j. Is y prime?
True
Suppose 26*k - 73611 = 23*k. Is k a prime number?
False
Let j(s) = 4*s**2 - 5*s - 24. Suppose -2*g + 14 = -4*y - 0*y, g + 3*y = -18. Let l(t) = -3*t**2 + 4*t + 23. Let o(r) = g*l(r) - 2*j(r). Is o(10) composite?
False
Let w be 658/(-6) + 2/(-6). Let m be 1276/(-8) - (-1)/2. Let p = w - m. Is p prime?
False
Is 2/(-14) + (-2480504)/(-427) composite?
True
Suppose 5549 = 5*x + 3*s, 42*x + 5557 = 47*x - s. Is x prime?
False
Let g(l) = l**3 - 8*l**2 - 8*l - 1. Let k be g(9). Let n be 6*((-12)/k)/(-3). Is ((-134)/6)/(n/(-9)) composite?
False
Suppose 14*z - 40363 - 83523 = 0. Is z prime?
True
Suppose -b - 4*m - 2270 = 0, -3*b + 0*m = m + 6854. Is (4/(-6))/(4/b) composite?
True
Let o(a) = -55*a + 7. Let k be o(15). Let b = -483 - k. Is b a composite number?
True
Let m(l) = -266*l - 184. Is m(-7) composite?
True
Let i = 3818 - 2085. Is i prime?
True
Let v = -35 - -36. Is -1*(-3 - (785 - v)) a composite number?
False
Let d be 16*(1 + (-10)/4). Let c be ((-2)/(-4))/((-12)/d). Suppose -c = -m - 0, 195 = 2*f + 5*m. Is f composite?
True
Let h = -28 - -32. Let l(n) = -15*n**2 + 1. Let o(s) = s**2 + s. Let z(f) = -l(f) - 2*o(f). Is z(h) prime?
True
Let j = -226 - -117. Let b = j + 420. Is b composite?
False
Let t = -22403 + 94302. Is t a composite number?
False
Let m = -23 - 303. Is (3/(-3) - -3) + (-5 - m) composite?
True
Let j = -13 + 14. Is j/(((-3)/1847)/(-3)) a prime number?
True
Let w = -1966 + 3623. Is w a composite number?
False
Suppose 40495 = 3*z - 2*y, 2*z + y = 8*y + 26974. Is z composite?
True
Suppose 2*f + 902 = 3*f. Suppose -f = -p + 334. Suppose -p = -4*n - 424. Is n a composite number?
True
Suppose -4*c = -4*a + 1580, 0 = -5*c - 3*a + 7*a - 1980. Let g = -273 - c. Is g a composite number?
False
Let c(s) = -5*s - 43. Let i be c(-9). Suppose -2*t = i, -23 = -0*f - 3*f + 2*t. Is f prime?
True
Suppose -2*i - 3 = -3*i. Let p be (-6)/12*(4 + -4). Suppose 4*s + 78 = -p*k + i*k, 0 = -3*s. Is k composite?
True
Let h = 15018 - 4903. Suppose -8*u - h = -3*u. Let q = -1392 - u. Is q a prime number?
True
Let z = 34 + -29. Suppose -2*g = -4*r + 1768, -4*g = -z*r + 4*r + 435. Is r a composite number?
False
Suppose 4*p - 270241 = -k, 0*p + 3*k + 270221 = 4*p. Is p composite?
False
Suppose 6*g - 2*g = -2*b + 3078, -4*g = -2*b - 3074. Is g a prime number?
True
Let z = 10 + -3. Suppose -5707 = z*p + 9014. Is (p/6)/(6/(-12)) a composite number?
False
Let y(a) = 147*a - 17. Let w = 3 - -11. Is y(w) composite?
True
Suppose -4*c + 4*g + 24 = 0, 10 = 3*c + 3*g - 2*g. Suppose -c*s = 2*x - 23688, -2*s - 4*x + 5915 = -s. Is s composite?
False
Let f be (-3 + 3)/(-2*4/8). Suppose 4*w - 6289 - 3795 = f. Is w a prime number?
True
Let l(q) = 10*q**3 - 6*q**2 - 2*q - 7. Let w be l(7). Suppose -4*r + w = r. Is r a composite number?
True
Let l(m) = 247*m**2 + 2*m - 26. Is l(3) composite?
False
Let k(f) = f**2 - 2*f. Suppose -y = -4*x + 4, 4*x + x - y = 4. Let p be k(x). Suppose -5*t + t + 524 = p. Is t prime?
True
Suppose 0 = 2*o - 5*v - 15787, -o = 5*v + 2005 - 9921. Is o composite?
False
Suppose 0 = -a - 3*w - w - 651, 3*w - 1269 = 2*a. Let q = a + 1560. Is q prime?
False
Let z = 46 - 42. Suppose -m + 6*m = z*f + 1742, 4*f = 2*m - 704. Is m a prime number?
False
Let t(l) = -l**3 + 14*l**2 - 12*l - 7. Let y = 39 - 26. Let m be t(y). Is ((-9)/m)/((-3)/674) prime?
True
Suppose 5*h - 4*h = -3*u - 4, -h - 3 = 2*u. Is (5 + -1 + -627)*h a prime number?
False
Let l(o) = -o**2 + 3*o - 11. Let w(c) = -c - 1. Let d(y) = l(y) - 6*w(y). Let t be d(7). Suppose 3*i - t*i = -762. Is i a prime number?
True
Suppose -4*c = w - 23114, -2*c = -5*w + 700 - 12268. Is c a prime number?
True
Let z(k) = -8*k. Let l be z(-15). Let y = l + 367. Is y prime?
True
Let f(o) = 10*o**2 + 4*o + 3. Suppose -8*n = -10 + 26. Is f(n) prime?
False
Suppose 6*u - 24024 = 52254. Is u prime?
True
Suppose 4*i - 5*h = 6*i - 12923, 4*h = 20. Is i a composite number?
False
Let t(c) be the third derivative of c**5/20 - c**4/4 - c**3/2 + 23*c**2. Is t(6) prime?
False
Let w = 21289 - 10562. Is w a composite number?
True
Suppose -4*v + 5 = -4*k - 7, v = -4*k + 8. Let m(f) = 1507*f - 1. Let x be m(1). Suppose -v*n + x = -n. Is n composite?
True
Let q(p) = 19*p**2 + 3*p - 227. Is q(12) composite?
True
Let a(h) = 10331*h**2 + 12*h + 20. Is a(-5) a composite number?
True
Let t(p) = 19400*p**2 + 47*p + 20. Is t(3) a prime number?
True
Let j(t) = -242*t + 11. Let u be j(-4). Suppose 0*m - 11*m = -u. Is m prime?
True
Let t(x) = 2*x - 4. Let f be t(3). Suppose 2*h = -u + f, -4*h + 3*u + 1 - 7 = 0. Suppose -5*l + 165 = -h*l. Is l a prime number?
False
Let o(c) = 31*c**2 - 19*c + 43. Is o(10) a composite number?
False
Suppose 6*n - 4701 + 1359 = 0. Is n composite?
False
Let l(m) = 1 + 5 + m - m - 2*m. Let f be l(4). Is 6228/16 + f/8 prime?
True
Let r(t) = 2*t**2 + 11*t + 5. Let p be r(-5). Suppose p = -4*d + 5*c - 345 + 1710, 0 = -d - 4*c + 315. Is d a composite number?
True
Let x be -2 + (3 - (2 - 1)). Suppose x = 2*y - 2*k + 4, 2*y = 3*k - 0*k - 8. Suppose -y*d + 347 = -395. Is d a prime number?
False
Let s = -6807 - -11354. Is s prime?
True
Let d(n) = -2*n - 1 + 1 + 14. Let z be d(-13). Let j = 75 - z. Is j prime?
False
Suppose -4*w + 6 = -2*i + 4, 0 = 2*w - 6. Suppose 4 = s - 4*n - 1, s = -i*n - 4. Is -1 + 3 + (s - -166) a composite number?
True
Suppose -7*t + 3*t = 4*o - 30864, -3*o + 15433 = 2*t. Is t prime?
False
Is -2901*4*(-8)/96 a composite number?
False
Suppose 0 = 4*r, 4*c - r - 3144 = 4*r. Suppose 0 = -15*g + 9*g + c. Is g a prime number?
True
Suppose -1318 = -3*q - p, 5*q = q + 2*p + 1754. Is q prime?
True
Suppose 0*j - 2*j - 12 = -w, 14 = -3*w - 4*j. Is (-4)/w*(-340)/8 a composite number?
True
Let f(z) = z - 9. Let m be f(6). Let k(v) = 48*v. Let r(b) = -143*b + 1. Let g(y) = m*r(y) - 8*k(y). Is g(2) composite?
True
Let t(z) = 64*z - 4. Let g = 2 + 5. Let l be t(g). Suppose -m = 2*m - 2*w - 326, -l = -4*m + 5*w. Is m composite?
True
Is 4*(-4)/(160/(-51470)) a prime number?
True
Suppose 2*b + 3*u = -6, -4*b + b = 3*u + 6. Suppose b*c = 5*c - 65. Is c a prime number?
True
Let o = 2579 - 1372. Let p = o + -812. Is p composite?
True
Let j be 2 - 25 - (3 - 6). Let p be (j/4)/((-2)/120). Is 2*(p/8 + 2) a composite number?
False
Suppose -6*q + 3*h = -4*q, -3*h = 2*q - 12. Let v = 11 + -8. Is (-4 + v)/(q/(-417)) prime?
True
Let m(u) = u**3 + 21*u**2 + 30*u - 9. Let w be